Let z = 12152 - -1441. What are the prime factors of z?
3, 23, 197
Let f(a) = -54*a + 127. Let g(o) = 3*o. Let i(b) = -f(b) + 2*g(b). List the prime factors of i(17).
19, 47
Suppose -161*r = 159302 - 6157518. What are the prime factors of r?
2, 4657
Let a(u) = 143*u**2 + 5*u. Let j be a(4). Suppose -4*z - 1395 = -3*b, -5*b + 10*z - 9*z + j = 0. List the prime factors of b.
461
Suppose t + 260 = -4*t. Let o = t - -53. List the prime factors of o/(-8) + 59421/232.
2
Suppose 0 = -3*q + 2*g + 61, -3*g = 2*q - 0*g - 58. Suppose 11 - q = 3*r. Let j(i) = -4*i**3 - 6*i**2 - 4*i + 3. List the prime factors of j(r).
179
Let v(l) = -l**3 + 5*l**2 - 8*l - 12. List the prime factors of v(-4).
2, 41
Let m be 4/18 - 573/27. Let l be 1 + 33/m + 694/14. Let v = 17 + l. What are the prime factors of v?
2, 3, 11
Let w(q) = q**2 - 8*q - 27. Let i be w(-13). Suppose 2*d - 8 = b - 86, -3*b = -2*d - i. What are the prime factors of 2/(80/b - (-2)/(-7))?
3
Suppose 4*f - 4*w = 3*f - 97, -2*w = 4*f + 388. Let q be (-4)/42 + (-10276)/147 + 17. Let i = q - f. What are the prime factors of i?
2, 11
Let p = 30578 - 13781. List the prime factors of p.
3, 11, 509
Let c = -1327 + 495. Let j = c + 1189. What are the prime factors of j?
3, 7, 17
Suppose 5*d - 4*d + 39 = 0. Let q = d - -85. Suppose -4*m - 4*p = -56, -2*m - 2*p = m - q. List the prime factors of m.
2, 3
Let b(j) = 780*j**2 + 333*j + 1682. What are the prime factors of b(-5)?
29, 673
Let t(w) = 623*w**2 - 16*w - 16. Let q = -279 - -278. What are the prime factors of t(q)?
7, 89
Suppose -26*b + 20*b + 0 = 6. Suppose 3*j - 2*h = -3*h - 17, 2*j = 5*h - 17. What are the prime factors of b - j - (-51 - -8)?
2, 3
List the prime factors of (32815/(-15) - 1)*-3.
2, 7, 67
Suppose 4*q - 2*c + 58 = 0, -2*q = 2*q - 4*c + 56. Let m(s) = -9*s**2 + 10*s**2 + 3 + 9*s + 5*s. What are the prime factors of m(q)?
2, 3
Let u(l) = l**2 + 109*l + 37. Let x(o) = 2*o**2 + 324*o + 111. Let t(h) = -7*u(h) + 2*x(h). What are the prime factors of t(-25)?
3, 107
Let g = 405 - 406. Let d(x) = -208*x**3. What are the prime factors of d(g)?
2, 13
List the prime factors of (2 + -1011)/((-5)/9*(-21)/(-70)).
2, 3, 1009
Suppose -5*a - 2*t + 17 + 34 = 0, -2*a = 4*t - 30. Suppose -21 = -a*n + 15. Suppose -n*m - 104 = -12*m. What are the prime factors of m?
13
Let a(m) = -7 - 3*m + 13*m**2 - 16*m**3 + 36*m**3 - 10*m**3 - 9*m**3. What are the prime factors of a(5)?
2, 107
Let v(z) = 18*z**2 - 8*z - 9. Let c be v(6). Let p be c/(-15) + (-3)/5. What are the prime factors of (176/10)/(p/(-100))?
2, 11
Let d = 13629 - 2433. List the prime factors of d.
2, 3, 311
Suppose 0 = 2080*l - 2007*l - 1090985. List the prime factors of l.
5, 7, 61
Let u(g) = 26*g**2 - 377*g - 183. List the prime factors of u(-30).
3, 17, 677
Let l(n) = -14*n**3 - n**2 - 10*n + 39. Let z be l(3). Let s = 704 - z. What are the prime factors of s?
2, 541
Suppose -z = -4*m - 3860, 2*z - 8321 = -2*m - 571. What are the prime factors of z?
2, 11
Let t = 152 + -448. Let o be (40/(-4) + 1)/(6/t). Suppose -12*f + 9*f = -o. List the prime factors of f.
2, 37
Suppose -2*a - 10 = 0, 2*a - 70 = -2*m + 44. Let q be (0 - m)*(-5 + -1 + 7). Let o = q + 69. What are the prime factors of o?
7
Let w(h) = 86*h**2 + 60*h - 20. Let d(g) = -29*g**2 - 20*g + 7. Let o(s) = -7*d(s) - 2*w(s). What are the prime factors of o(-5)?
2, 3, 37
Let k(i) = 11305*i**2 - 20*i - 14. List the prime factors of k(-1).
11311
Suppose 2*g - 28 = -4*j - 4, 0 = 5*j + 3*g - 30. Let h be 9/j + (-388)/(-8). Suppose 4*r + 2*o - h = 2*r, -5*o - 20 = 0. What are the prime factors of r?
29
What are the prime factors of 767954/110 - (-6)/10?
2, 3491
Let z = -7 - -7. Let c be (24/18 - 3 - -3)*-1317. What are the prime factors of z + 2/9 + c/(-36)?
7
Let j(s) = -s**3 + 23*s**2 - 125*s + 33. List the prime factors of j(-26).
7, 743
Suppose 2*c + 2411 = -3*s - 2*c, 5*s + 5*c = -4020. Let n = s + 1493. List the prime factors of n.
2, 43
What are the prime factors of ((-4)/7)/((-120)/2739660)?
2, 11, 593
What are the prime factors of (180/(-105))/12 - 39588/(-21)?
5, 13, 29
Suppose 0 = -2*c - 10, 32*c - 28*c - 46760 = -2*u. What are the prime factors of u?
2, 5, 2339
Suppose 0 = -44*s + 96*s - 720512. List the prime factors of s.
2, 433
Suppose 47077 = 8*t - 45899 + 6616. List the prime factors of t.
5, 17, 127
Let y(f) = 17*f + 853. What are the prime factors of y(68)?
7, 41
Suppose -9*l = 4*s - 42018, -19454 = -5*l - 2*s + 3890. What are the prime factors of l?
2, 5, 467
Let k = 3306 + -3265. List the prime factors of k.
41
Let d(r) = 6*r**3 + 16*r**2 + 6*r - 101. List the prime factors of d(16).
109, 263
Let c(q) = 31*q + 6. Let l = -163 + 164. What are the prime factors of c(l)?
37
Let n(z) = -z**3 - 33*z**2 - 35*z - 95. Let b be n(-32). What are the prime factors of b*3 - (-420 - 14)?
19, 23
Let f = 3197 - 556. List the prime factors of f.
19, 139
Let j(r) = 3*r + 7 + 11 + 11. Let m be ((-14)/5)/(((-63)/(-35) - 5) + 3). List the prime factors of j(m).
71
Suppose -921 = -14*n - 39. Suppose -62*a - 1337 = -n*a. List the prime factors of a.
7, 191
Let p = 47 - 14. Suppose -854 = -34*d + p*d. List the prime factors of d.
2, 7, 61
Suppose 2*p = 4*t - 6, 7*p - 3*p = -2*t + 8. Let j(x) = 4*x**2 - 1. Let w be j(p). Suppose -w*u + 5 = -10, -86 = -o + 2*u. What are the prime factors of o?
2, 3
List the prime factors of (18/10)/(300/834500).
3, 1669
Let f(o) = 16*o**2 - 48*o + 66. Let z be f(-16). Suppose -22*t + 12*t + z = 0. What are the prime factors of t?
17, 29
Suppose -3*r + 3*n + 425544 = 0, 2*r - 283699 = 92*n - 91*n. Suppose -51*c + r = 52193. List the prime factors of c.
2, 3, 293
Let y(b) = b**3 + 86*b**2 + 75*b + 436. What are the prime factors of y(-78)?
2, 43, 503
Let u(k) = -332*k - 10. Let m be u(-2). Let p be 2/1*-1*m/(-12). Suppose 0 = 2*s + p - 381. List the prime factors of s.
2, 17
Suppose -z + 32 = -5*z, 0 = -s - 5*z + 66986. List the prime factors of s.
2, 3, 11171
What are the prime factors of 7/(35/25) - -11951?
2, 7, 61
Let d(p) be the second derivative of p**4/6 + 2*p**3/3 - 4*p**2 + 17*p. Let v be d(-4). Suppose v*z - 10*z + 80 = 0. What are the prime factors of z?
2, 5
Suppose -4*f = 5*v - 133, v - 6*f = -3*f + 19. Suppose -5*g = -4*d - v, -g = 5*d + 57 - 4. List the prime factors of (-37 + 2)*14/d.
7
Let o be (-642)/(46/36 - (-8)/36). Let i = 111 - o. List the prime factors of i.
7, 11
Let h(g) = 39*g**3 - 11*g**2 - 7*g + 5. What are the prime factors of h(4)?
2297
Let n = 1426 + 2233. What are the prime factors of n?
3659
Let k(x) = 2*x**3 + 35*x**2 + 18*x + 12. Let z be k(-17). What are the prime factors of -4 + 1 + (-8 - z) + 53?
47
Suppose 3*v - 3*d - 27 = 0, -d = 2*v - 5*d - 14. Let t(k) = 3*k**2 - 9*k - 37. Let b be t(v). Let f = b + -68. List the prime factors of f.
3, 53
Suppose -t + 66210 + 65691 = 4*p, 4*p - 4*t = 131916. List the prime factors of p.
2, 3, 229
Let d(f) = -2*f**3 - 8*f**2 - 11*f - 114. Let p be d(-9). Let j = p - -1155. List the prime factors of j.
2, 3, 5, 13
Suppose -2*c + 2*b = 0, 3*b + 6 = 4*c + b. List the prime factors of 365 + (-1 - (-12)/c).
2, 23
Let p(a) = -52*a + 37. Let j be p(-3). Let m = 488 - j. What are the prime factors of m?
5, 59
Let g(c) = 2*c + 6. Let n be g(-2). Let o(p) = 75*p**3 + p**2 + 9*p - 15. What are the prime factors of o(n)?
607
List the prime factors of 0/8 - (-42758 + 18/6).
5, 17, 503
Suppose 0 = -1537*t + 1645*t - 759780. What are the prime factors of t?
3, 5, 7, 67
Suppose -7*z = -71 + 43. Suppose z*j = 25 + 143. List the prime factors of (-7)/j - 2307/(-18).
2
Suppose -2*k - u = 0, 3*u + 10 = 8*u. What are the prime factors of k/(-3) - 5360/(-12)?
3, 149
Suppose 22*t - 17779 = 45141. List the prime factors of t.
2, 5, 11, 13
Let l = -110 + 177. Let w(i) = -14*i + 26. Let s be w(5). Let n = s + l. What are the prime factors of n?
23
Let c = -836 - -1185. Let s = c + -327. List the prime factors of s.
2, 11
Let y be (5 + -12 - -5)*2. Let r be (8 + -1 + -4)/((-6)/y). List the prime factors of ((560/7)/(-8))/(r/(-14)).
2, 5, 7
What are the prime factors of (1752/(-30))/((-28)/4340)?
2, 31, 73
Let s = -24888 - -39410. What are the prime factors of s?
2, 53, 137
List the prime factors of (90635/105*28)/((-8)/(-6)).
18127
Suppose -23*k + 1282 = -282. Suppose 6